 x. What is the greatest common factor of i and 11?
11
Let u(m) = 2*m**2 + 3*m + 3. Let i be u(-3). Calculate the greatest common divisor of 8 and i.
4
Let a be 45*(-2 + 24/10). Let i = 48 - a. What is the highest common factor of i and 20?
10
Let u(m) = -m**2 + 10*m + 11. Let k = -9 - -19. Let v be u(k). Calculate the greatest common factor of 77 and v.
11
Let c(g) = -g**2 + g. Let l be c(-1). Let v = 7 + l. Let s be (-4)/(-4) - 4*-1. What is the greatest common factor of s and v?
5
Let u = -76 + 102. What is the greatest common factor of u and 26?
26
Suppose 131 + 29 = 5*a. Suppose 5*i + 8 - 28 = 0. Calculate the highest common factor of i and a.
4
Let f be 9/(28/(-30) - -1). Let g = 23 - 8. Calculate the greatest common divisor of g and f.
15
Suppose -i - 2*v + 36 = 0, 2*i - v - 31 - 36 = 0. Let c = 109 - i. Suppose 3*t = -c + 195. Calculate the highest common divisor of t and 16.
8
Let d = 61 - 33. Let j be 7/(-21) - (-43)/3. Calculate the greatest common factor of j and d.
14
Suppose -2*q + 340 = 2*q. Let r be 1133/33 - (1 - (-4)/(-6)). What is the greatest common divisor of r and q?
17
Suppose 4*h = 5*y - 3 + 4, -4*h = -4*y - 4. Let f(k) = -k + 9. Let t be f(h). Calculate the greatest common factor of 20 and t.
5
Let d be -1 - (-1*19 - -2). Suppose 7*f = 2*f + 65. Let x = f - -3. Calculate the highest common factor of x and d.
16
Let p be (-6)/(-10) + (-798)/(-95). Calculate the highest common divisor of p and 36.
9
Let b(q) = -q**3 + 13*q**2 - 10*q + 6. Let m be b(9). What is the greatest common divisor of 48 and m?
48
Suppose 3*c + 47 = 2*a - 29, 0 = 4*c + 8. What is the highest common factor of a and 14?
7
Suppose -y - 5*f = 17, -f = 2*f + 6. Let q be y + 7 - (-36)/2. What is the highest common factor of q and 27?
9
Let u(a) = -a**2 - 5*a - 2. Let b be u(-3). Suppose -b*m + 33 + 31 = 0. What is the greatest common factor of 16 and m?
16
Let g(r) = -3*r + 3 + 4*r + 2 + 0*r. Let a be g(7). Calculate the highest common factor of 72 and a.
12
Suppose 182 - 70 = 4*y. Let d = y + -16. What is the highest common factor of 4 and d?
4
Let c = 3 + 2. Suppose c*s = 6 + 9. Calculate the greatest common divisor of s and 1.
1
Let q be ((-2)/(-4) + 1)*12. Suppose w - 2 = 0, 3*w + 232 = c + 7*w. Suppose 5*l + 3*z = c + 58, 5*l + z = 274. What is the highest common factor of q and l?
18
Let y(l) = -5*l**2 - 1. Let p be y(-1). Let b = p - -10. Let u(j) = j**2 + 11*j + 4. Let m be u(-11). Calculate the greatest common factor of b and m.
4
Suppose -28 = -3*g + t - 11, 3*t = 3*g - 27. Suppose 0*k + 12 = g*k. Suppose 8*z - 135 = 3*z. What is the highest common divisor of z and k?
3
Let p(r) = -r**3 + 0*r + r - 77 - 2*r - 17. Let i be p(0). Let h be i/(-18) - (-8)/(-36). Calculate the greatest common factor of h and 10.
5
Suppose 0 = -2*h + 3*h - 24. Let u = 35 - h. Suppose 3*i = 34 + 329. What is the greatest common factor of i and u?
11
Let i(o) = -16*o + 10*o - 9*o - 48*o. Let h be i(-1). What is the greatest common divisor of h and 7?
7
Let g = -45 - -57. What is the greatest common factor of 96 and g?
12
Let n(d) = -d**3 + d**2 + 3. Let k be n(0). Let s be -2 + k - -1*17. Let x be (8 - 10) + 5 + -1. What is the greatest common divisor of s and x?
2
Let b(m) = -74*m**3 + m**2 - 1. Let l be b(-1). Suppose -a - 4*r - 62 = -3*a, -2*r = 2*a - l. What is the highest common divisor of a and 7?
7
Let t = -3 + 6. Let c be (-3*(-22)/t)/2. What is the highest common factor of 55 and c?
11
Suppose 0 = -q - 4*q + 15. Let g(f) = -f**q + f - 4*f**2 - 2*f**3 - 4*f. Let b be g(-2). What is the greatest common divisor of b and 112?
14
Suppose -d = -5*d + 320. Let q be (-1 + 3)/(8/d). What is the highest common divisor of 50 and q?
10
Let a = -82 + 131. Suppose 0 = -0*h + h - 43. Suppose 5*c = -8 + h. Calculate the greatest common factor of c and a.
7
Let j = 72 - 36. Suppose 3*v + z = 14, -2*v + 2 = v - 5*z. What is the greatest common divisor of v and j?
4
Let y(m) = 19*m + 1. Let f = 1 - -5. Let o be y(f). What is the highest common factor of o and 23?
23
Let x(a) = -a**2 - a + 3. Let p be x(-3). Let r be (-14)/p - 4/6. Suppose h = -1 + r. What is the greatest common divisor of 12 and h?
3
Let g be 1/((-3)/(132/(-4))). What is the highest common factor of g and 22?
11
Let s = -184 - -185. What is the greatest common divisor of s and 9?
1
Suppose -40 = -3*l + r, -3*l - 5*r + 2*r + 24 = 0. Let f = 149 - 41. Calculate the highest common divisor of f and l.
12
Suppose -54 = -6*c + 3*c. Suppose 2*r + 0*r + 3*f = 84, 4*r - 3*f = 132. What is the highest common factor of r and c?
18
Let v(y) = y**2 - 10*y + 9. Let u be v(9). Suppose 2*s - g - 11 = 10, u = 3*s - 4*g - 29. What is the greatest common divisor of 33 and s?
11
Let u = 10 - -100. What is the greatest common factor of 66 and u?
22
Let s(q) = q**3 + 2*q**2 - 5*q - 3. Let c be s(-3). What is the greatest common factor of c and 33?
3
Let x(a) = 5*a**3 - 4*a**2 + 2*a + 2. Let f be x(2). What is the greatest common factor of 12 and f?
6
Let l be 1/(6/(-16))*-18. Suppose 0 = -3*k + 3*j + 30, -3*j - 19 = -2*k + 5. What is the greatest common divisor of l and k?
6
Suppose 0 = 2*l - a - 17, 4*a = 3*l + 3*a - 26. Let c be (-8 - (-126)/12)*12/5. What is the greatest common divisor of l and c?
3
Let s be 15/(-35) + (-1014)/(-14). What is the greatest common factor of 8 and s?
8
Let b(m) = -m**3 - 7*m**2 + 3*m + 4. Let h be b(-8). Let u = h - 27. Calculate the highest common divisor of 34 and u.
17
Let u be (-13)/3*-21 - -4. Calculate the greatest common factor of u and 38.
19
Let b be 6/(-9)*(-78)/4. What is the greatest common divisor of 104 and b?
13
Let q be 11*-4*(-3)/6. Let w = q + -11. Let o = -14 - -25. What is the highest common divisor of o and w?
11
Suppose -60 = 9*o - 4*o. Let n be (-5)/(15/2)*o. Calculate the highest common factor of n and 8.
8
Let x(i) = 1 - 4*i + 0 + 2 + 3*i. Let p be x(3). Suppose p = -n - 2 + 42. What is the greatest common factor of 16 and n?
8
Suppose -16 = 4*y, -3*y - 3 = q + 2. Suppose 2*g + 3*g = 35. Calculate the highest common divisor of g and q.
7
Suppose -2 = 3*o - 29. What is the greatest common factor of o and 3?
3
Let c(d) = 0*d**2 - 3*d**2 - d**2 + 3*d**2 + 3*d**3. Let a be c(1). Calculate the greatest common divisor of a and 6.
2
Let q = -25 + 45. Let d = -72 - -77. Calculate the highest common factor of q and d.
5
Let p(v) = v + 5. Let g be p(-3). Let b be (-96)/(-4) - (0 + g). What is the greatest common factor of 66 and b?
22
Suppose 3*k = 4*i - 17, 2*k + 5*i - 27 = -0*k. Let v(w) = -w - 4 + 0 - w. Let u be v(-3). Calculate the highest common factor of u and k.
1
Suppose 350 = 5*s - 0*s. What is the highest common divisor of s and 28?
14
Let b be (23 - 1)*(3 + 1). Let o(p) = 12*p - 52. Let i be o(5). Calculate the greatest common divisor of b and i.
8
Let p = 19 - 18. Let m = -12 - -23. What is the greatest common divisor of p and m?
1
Suppose 3*r - 15 = -2*r. Suppose 0 = -5*h + 32 + 8. Suppose -h*z + r*z + 195 = 0. Calculate the highest common divisor of 26 and z.
13
Let k be (3 - 3) + 5*11. Suppose -g = 1 - 6. Calculate the highest common factor of g and k.
5
Let h = 3 - 1. Let k(v) = 32*v**2 - 32*v**h - 30*v**3. Let b be k(-1). What is the highest common divisor of b and 6?
6
Let q be (-1141)/(-14) + 1/(-2). What is the greatest common factor of 9 and q?
9
Let i(s) = 6*s**2 + 2*s - 2. Let m be i(-2). Let r be 42/4 - (-9)/m. Let k = -4 + 5. Calculate the greatest common divisor of k and r.
1
Suppose 21 = 2*k - 63. Let z(i) = i**2 - 4*i - 4. Let p be z(8). What is the highest common divisor of p and k?
14
Suppose 2*v = -10 + 90. Let f(p) = 2*p**3 - 3*p**2 - 4*p + 1. Let o be f(3). What is the highest common factor of v and o?
8
Let b = -117 - -243. What is the highest common divisor of b and 14?
14
Let a = 20 - -100. What is the highest common factor of a and 30?
30
Let i = -10 + 110. Let y(v) = 2*v**2 - 2*v. Let x be y(2). Suppose -3*c = -5*s + i, x*s + 5*c - 69 = 48. What is the highest common divisor of s and 184?
23
Let r(f) = 3*f - 1. Let y be r(2). Suppose -y*u - 4 = -4*q, -3*u - 20 = q + u. Let j be q/(-12) + 88/6. Calculate the greatest common factor of j and 45.
15
Let y(r) = 3*r**2 + 6*r + 4. Let n be y(-2). What is the highest common factor of 40 and n?
4
Let v